 16.
13
Let k = 16 + -9. Let o(l) = -14*l - 17. Let a(g) = -7*g - 8. Let f(n) = k*a(n) - 3*o(n). Calculate the remainder when f(-4) is divided by 8.
7
Suppose -2*p - 4 - 8 = 0. What is the remainder when 22 is divided by (-52)/p + 10/(-15)?
6
Suppose g + 3 = 4*g. What is the remainder when ((-1)/2)/(g/(-2)) is divided by (1 + -3)*(-3 + 5/2)?
0
Suppose -3*y + 9 = -0*p - 3*p, -4*p + 12 = 0. Suppose 0 = 5*h - 36 - 44. What is the remainder when h is divided by y?
4
Suppose 0 = 3*g + 3, 4*h + 2*g - 25 = 45. Let r = -4 + 9. What is the remainder when h is divided by r?
3
Let d(q) = -7*q - q**2 + q**3 - 2*q**2 + 0*q + 6. What is the remainder when d(5) is divided by 12?
9
Suppose -i + 3 + 7 = -2*k, 3 = -k. Calculate the remainder when 63 is divided by i.
3
Let x = 7 - -15. Calculate the remainder when 87 is divided by x.
21
Let k = 13 - 9. What is the remainder when (0 - -1)/((-3)/(-21)) is divided by ((-4)/(-5))/(k/10)?
1
Let l(s) = 1 - 8 + 0 + 8*s. Let g be l(6). Let v = -22 + g. What is the remainder when 37 is divided by v?
18
Let p(c) be the first derivative of -c**3/3 + 13*c - 3. Let f = 0 - 0. What is the remainder when 50 is divided by p(f)?
11
Let m = 18 - -14. Suppose -4*r = -0*g - g - m, -3*r = g - 17. What is the remainder when 25 is divided by r?
4
Suppose 2*z - 4*a = -0*z + 10, -5 = -z + a. Calculate the remainder when 13 is divided by z.
3
Suppose 0 = 3*v - 11 - 4. Suppose -2*c - 2*a + 52 = 0, -a = -2*a + 4. Suppose 2*j - 50 = -c. What is the remainder when j is divided by v?
4
Let x = 64 - 65. Let c be 1 - 0*(-2)/4. Calculate the remainder when (-43)/((2 - c)/x) is divided by 11.
10
Let d(u) = 3*u**2 - 4*u - 1. Suppose q + 4 = 1. Calculate the remainder when d(q) is divided by 13.
12
Suppose 4 = o + 2*q + 14, 2*o - 4*q - 4 = 0. Let w = 1 - o. What is the remainder when 10 is divided by (-2 - (-3)/3) + w?
2
Let t = 6 - -4. Suppose 17 = -x + 4*w - 1, -4*w = -2*x - 16. Suppose -2*i = -y + 4, x*y + 4*i - 17 = -i. What is the remainder when t is divided by y?
4
Suppose 5*q - 24 - 11 = 0. What is the remainder when 20 is divided by q?
6
Suppose k - 6 = -1. Suppose 3*d = -4*q + 175, -q + 23 = -2*d - 29. Suppose -5*c + q = -24. What is the remainder when c is divided by k?
4
Let z(x) = -5*x**3 - x**2 - x. Calculate the remainder when 33 is divided by z(-1).
3
Calculate the remainder when (-6)/(-4)*(-1 - -39) is divided by 30.
27
Let i = -42 - -53. Calculate the remainder when 76 is divided by i.
10
Let c = -226 + 337. Let h = -60 + c. Calculate the remainder when h is divided by 18.
15
Calculate the remainder when (138/2 - -2) + -3 is divided by 23.
22
Suppose -95 = -3*t + 2*a - 6*a, -3*a = -3*t + 60. Calculate the remainder when 45 is divided by t.
20
Let o = -4 - -2. Let c be (1/2)/(o/(-32)). Let i(k) = -k**2 + 9*k + 3. What is the remainder when 32 is divided by i(c)?
10
Let k = -16 + 16. Suppose k = -4*v + 3*v + 15. What is the remainder when 28 is divided by v?
13
Calculate the remainder when 32 is divided by 4/6*(-102)/(-4).
15
Let b(w) be the first derivative of 4*w**2 - 3*w - 2. Calculate the remainder when 49 is divided by b(2).
10
Let x be 5 - (3/3 - -2). Suppose 0 = 4*h - x*h - 34. Calculate the remainder when 50 is divided by h.
16
Let v = 38 + -32. Calculate the remainder when 15 is divided by v.
3
Let y be (-169)/(-4) + 9/12. Let d = 13 - y. Let z = d - -46. Calculate the remainder when 46 is divided by z.
14
Let t = 7 + -5. Suppose -4*f + 0*f = -36. What is the remainder when (10/(-3))/(t/(-15)) is divided by f?
7
Let k(r) = 13*r + 3. Let t be k(4). Let z = t + -19. Suppose -z - 45 = -3*c. What is the remainder when c is divided by 14?
13
Suppose 0*r - 27 = -3*j - 3*r, 4*r - 45 = -5*j. Let p = j + -4. Let q = 28 - 14. What is the remainder when q is divided by p?
4
Let b = 42 - 26. Calculate the remainder when 29 is divided by b.
13
Let b(t) = 14*t**3 - 3*t**2 + 3*t. Let x be b(2). Suppose -2*p + 4*r + x = -r, -12 = 3*r. What is the remainder when p is divided by 11?
10
Let h = -32 + 58. What is the remainder when 103 is divided by h?
25
Let b = 1 - -15. Calculate the remainder when 62 is divided by b.
14
Suppose -2*a = -o - 7, -3*o - 3 = -2*o. Suppose 6 = a*k, -2*n + 3*n - 29 = -5*k. Calculate the remainder when n is divided by 6.
2
Suppose -22 + 2 = 4*r, 0 = -3*i + 4*r + 26. What is the remainder when 5 is divided by i?
1
Suppose 5*a + 3*r + 76 = 4*r, 2*a + 36 = -r. Let h = -10 - a. Let w = -25 - -35. Calculate the remainder when w is divided by h.
4
Calculate the remainder when 30 is divided by 21/14*16/6.
2
Let t(l) = 6*l + 3. What is the remainder when 105 is divided by t(4)?
24
Suppose 0 = -0*s + 5*s + 5. Let z = 2 - s. What is the remainder when (-4)/3*(-9 - -3) is divided by z?
2
Let c be 1/((-2)/20*-1). Suppose 0 = 2*g + 3*g. Suppose 0 = -g*y + y - c. What is the remainder when 29 is divided by y?
9
Suppose 5*m = 2*w + 65, -m - 14 = -5*w - 4. Calculate the remainder when m is divided by 6.
3
Let z = -89 + 120. What is the remainder when 277 is divided by z?
29
Suppose -2*j = 5*n + 13 - 64, 3*j - 66 = 3*n. Let x = -3 - 3. Let p = x + 12. Calculate the remainder when j is divided by p.
5
What is the remainder when 8 is divided by 1*(4 + -3 + 3)?
0
Suppose -5*f + 470 = 2*i, -f = -4*i - 51 - 43. Calculate the remainder when 17 is divided by f/18 + (-22)/99.
2
Suppose 0 = -11*i + 13*i - 62. Calculate the remainder when i is divided by 18.
13
Calculate the remainder when 43 is divided by (24/5)/(8/((-240)/(-9))).
11
Let l(h) = 2*h**2 + 6*h + 6. What is the remainder when 9 is divided by l(-3)?
3
Suppose -h + 11 = 9. Calculate the remainder when h is divided by 1.
0
Suppose 0*k = -k + 15. What is the remainder when 3*(-2)/2 + 22 + 40 is divided by k?
14
Let t be (0 + 5)*14 - 0. Suppose 7 = -3*k + t. Calculate the remainder when k is divided by 6.
3
Let c(w) be the third derivative of -w**4/12 - 3*w**3/2 - 2*w**2. What is the remainder when 7 is divided by c(-6)?
1
Let v = 41 - -31. Suppose -5*d + v = -d. What is the remainder when 54 - 0 - (1 + 0) is divided by d?
17
Let m(a) = -a**2 - 9*a + 11. Let v be m(-10). Let b = v - -3. Calculate the remainder when 1*(6 - (-1 - -2)) is divided by b.
1
Suppose -4*r = -2*b + 4, -5*b + 3*b + 2*r - 2 = 0. Let l(x) = 2*x**2 + 7*x + 4. What is the remainder when 14 is divided by l(b)?
6
Let a be (-6)/8 + (-597)/(-12). Suppose 3*w - 11 = -n, 3*w - a = -3*n - 2*w. Calculate the remainder when 89 is divided by n.
20
Suppose 5*x - 510 = 3*x. What is the remainder when x/7 - 40/(-70) is divided by 20?
17
Let a = 3 - 8. Let c(r) = -r**2 - 6*r - 1. Let k be c(a). Suppose 12 = k*j - 3*j. Calculate the remainder when 34 is divided by j.
10
Let f(k) = -k + 12. Let b be f(7). Suppose -b*z + 85 = -0*z. What is the remainder when z is divided by 9?
8
Suppose -12 = -3*n + n - l, -18 = -2*n - 4*l. Suppose n*c - 3*s - 55 = 0, -2*c - 3*s + 2 = 1. What is the remainder when c is divided by 3?
2
Let q(b) = -b**2 + 9*b - 1. Let j be q(6). Suppose 5*l + j = 102. Calculate the remainder when l is divided by 9.
8
What is the remainder when (-13 + 1)/3*(-34 + -3) is divided by 30?
28
Let h = 60 + -47. Calculate the remainder when 89 is divided by h.
11
Let p(z) = 2*z**2 - 21*z + 9. Calculate the remainder when 36 is divided by p(11).
16
Suppose 0*q - 5*q = -60. Calculate the remainder when 45 is divided by q.
9
Suppose -7*c + 40 = -2*c. What is the remainder when 44 is divided by (-2 - -1)/(c/(-120))?
14
Suppose -3*p = -4 - 5. Let q = 9 - 4. Calculate the remainder when q is divided by p.
2
Let x(u) = -u**3 - 11*u**2 + 9*u + 7. Let h(l) = l**2 + 8*l + 11. Let k be 12*(3/9 + -1). Calculate the remainder when x(-12) is divided by h(k).
10
Suppose -12 = -3*i + 6. Suppose 4*s - i = 6. Suppose -2*m + 24 = 5*y - y, 0 = -y + m + s. Calculate the remainder when y is divided by 2.
1
Let f(b) = -11*b**3 + b**2 - 2. What is the remainder when f(-2) is divided by 23?
21
Let z be (-2*1 + 2)/(-2). Let y = z + 1. Calculate the remainder when (-16)/(-12) + (-2)/6 is divided by y.
0
Suppose 3*a - 40 + 7 = 0. Let l = -37 + 68. What is the remainder when l is divided by a?
9
Suppose 0 = g + 4*y - 26, -4*g + 172 = g - y. Calculate the remainder when g is divided by 20.
14
What is the remainder when 6/10 - (-474)/10 is divided b